{"id":1269,"date":"2022-05-25T22:18:53","date_gmt":"2022-05-26T01:18:53","guid":{"rendered":"https:\/\/www.camir.cl\/site\/producto\/sasuke-doble-lumen\/"},"modified":"2022-06-01T10:35:02","modified_gmt":"2022-06-01T13:35:02","slug":"sasuke-doble-lumen","status":"publish","type":"product","link":"https:\/\/www.camir.cl\/site\/producto\/sasuke-doble-lumen\/","title":{"rendered":"Sasuke doble lumen"},"content":{"rendered":"<p>Cat\u00e9ter de doble lumen de \u00faltima generaci\u00f3n. ASAHI SASUKE es un cat\u00e9ter de doble lumen (DLC) que se utiliza para agregar estabilidad y control a los procedimientos PCI complejos. El ASAHI SASUKE est\u00e1 dise\u00f1ado para brindar soporte para facilitar la colocaci\u00f3n de cables gu\u00eda en la vasculatura coronaria y perif\u00e9rica, y puede usarse para cambiar un cable gu\u00eda por otro. El ASAHI SASUKE tambi\u00e9n est\u00e1 dise\u00f1ado para ayudar en la administraci\u00f3n de medios de contraste en la vasculatura coronaria, perif\u00e9rica y abdominal. Este dispositivo no debe utilizarse en la neurovasculatura.<\/p>\n<div style=\"display:flex; gap:10px;justify-content:center\" class=\"wps-pgfw-pdf-generate-icon__wrapper-frontend\">\n\t\t<a  href=\"https:\/\/www.camir.cl\/site\/wp-json\/wp\/v2\/product\/1269?action=genpdf&amp;id=1269\" class=\"pgfw-single-pdf-download-button\" ><img src=\"https:\/\/www.camir.cl\/site\/wp-content\/plugins\/pdf-generator-for-wp\/admin\/src\/images\/PDF_Tray.svg\" title=\"Generar PDF\" style=\"width:auto; height:45px;\"><\/a>\n\t\t<\/div>","protected":false},"excerpt":{"rendered":"<p>Catet\u00e9r de doble lumen<\/p>\n","protected":false},"featured_media":1369,"comment_status":"open","ping_status":"closed","template":"","meta":[],"etheme_brands":[],"product_cat":[39,68],"product_tag":[71,70,69],"class_list":["post-1269","product","type-product","status-publish","has-post-thumbnail","hentry","product_cat-coronario","product_cat-cateter","product_tag-anatomias-complejas","product_tag-bifurcaciones","product_tag-cateter"],"yoast_head":"<!-- This site is optimized with the Yoast SEO plugin v19.1 - https:\/\/yoast.com\/wordpress\/plugins\/seo\/ -->\n<title>Sasuke doble lumen - Camir<\/title>\n<meta name=\"robots\" content=\"index, follow, max-snippet:-1, max-image-preview:large, max-video-preview:-1\" \/>\n<link rel=\"canonical\" href=\"https:\/\/www.camir.cl\/site\/producto\/sasuke-doble-lumen\/\" \/>\n<meta property=\"og:locale\" content=\"es_ES\" \/>\n<meta property=\"og:type\" content=\"article\" \/>\n<meta property=\"og:title\" content=\"Sasuke doble lumen - Camir\" \/>\n<meta property=\"og:description\" content=\"Catet\u00e9r de doble lumen\" \/>\n<meta property=\"og:url\" content=\"https:\/\/www.camir.cl\/site\/producto\/sasuke-doble-lumen\/\" \/>\n<meta property=\"og:site_name\" content=\"Camir\" \/>\n<meta property=\"article:modified_time\" content=\"2022-06-01T13:35:02+00:00\" \/>\n<meta property=\"og:image\" content=\"https:\/\/www.camir.cl\/site\/wp-content\/uploads\/2022\/05\/Sasuke-doble-lumen.jpg\" \/>\n\t<meta property=\"og:image:width\" content=\"300\" \/>\n\t<meta property=\"og:image:height\" content=\"300\" \/>\n\t<meta property=\"og:image:type\" content=\"image\/jpeg\" \/>\n<meta name=\"twitter:card\" content=\"summary_large_image\" \/>\n<meta name=\"twitter:label1\" content=\"Tiempo de lectura\" \/>\n\t<meta name=\"twitter:data1\" content=\"1 minuto\" \/>\n<script type=\"application\/ld+json\" class=\"yoast-schema-graph\">{\"@context\":\"https:\/\/schema.org\",\"@graph\":[{\"@type\":\"WebSite\",\"@id\":\"https:\/\/www.camir.cl\/site\/#website\",\"url\":\"https:\/\/www.camir.cl\/site\/\",\"name\":\"Camir\",\"description\":\"\",\"potentialAction\":[{\"@type\":\"SearchAction\",\"target\":{\"@type\":\"EntryPoint\",\"urlTemplate\":\"https:\/\/www.camir.cl\/site\/?s={search_term_string}\"},\"query-input\":\"required name=search_term_string\"}],\"inLanguage\":\"es\"},{\"@type\":\"ImageObject\",\"inLanguage\":\"es\",\"@id\":\"https:\/\/www.camir.cl\/site\/producto\/sasuke-doble-lumen\/#primaryimage\",\"url\":\"https:\/\/www.camir.cl\/site\/wp-content\/uploads\/2022\/05\/Sasuke-doble-lumen.jpg\",\"contentUrl\":\"https:\/\/www.camir.cl\/site\/wp-content\/uploads\/2022\/05\/Sasuke-doble-lumen.jpg\",\"width\":300,\"height\":300,\"caption\":\"Sasuke doble lumen\"},{\"@type\":\"WebPage\",\"@id\":\"https:\/\/www.camir.cl\/site\/producto\/sasuke-doble-lumen\/#webpage\",\"url\":\"https:\/\/www.camir.cl\/site\/producto\/sasuke-doble-lumen\/\",\"name\":\"Sasuke doble lumen - Camir\",\"isPartOf\":{\"@id\":\"https:\/\/www.camir.cl\/site\/#website\"},\"primaryImageOfPage\":{\"@id\":\"https:\/\/www.camir.cl\/site\/producto\/sasuke-doble-lumen\/#primaryimage\"},\"datePublished\":\"2022-05-26T01:18:53+00:00\",\"dateModified\":\"2022-06-01T13:35:02+00:00\",\"breadcrumb\":{\"@id\":\"https:\/\/www.camir.cl\/site\/producto\/sasuke-doble-lumen\/#breadcrumb\"},\"inLanguage\":\"es\",\"potentialAction\":[{\"@type\":\"ReadAction\",\"target\":[\"https:\/\/www.camir.cl\/site\/producto\/sasuke-doble-lumen\/\"]}]},{\"@type\":\"BreadcrumbList\",\"@id\":\"https:\/\/www.camir.cl\/site\/producto\/sasuke-doble-lumen\/#breadcrumb\",\"itemListElement\":[{\"@type\":\"ListItem\",\"position\":1,\"name\":\"Portada\",\"item\":\"https:\/\/www.camir.cl\/site\/\"},{\"@type\":\"ListItem\",\"position\":2,\"name\":\"Cat\u00e1logo de Productos\",\"item\":\"https:\/\/www.camir.cl\/site\/shop\/\"},{\"@type\":\"ListItem\",\"position\":3,\"name\":\"Sasuke doble lumen\"}]}]}<\/script>\n<!-- \/ Yoast SEO plugin. -->","yoast_head_json":{"title":"Sasuke doble lumen - Camir","robots":{"index":"index","follow":"follow","max-snippet":"max-snippet:-1","max-image-preview":"max-image-preview:large","max-video-preview":"max-video-preview:-1"},"canonical":"https:\/\/www.camir.cl\/site\/producto\/sasuke-doble-lumen\/","og_locale":"es_ES","og_type":"article","og_title":"Sasuke doble lumen - Camir","og_description":"Catet\u00e9r de doble lumen","og_url":"https:\/\/www.camir.cl\/site\/producto\/sasuke-doble-lumen\/","og_site_name":"Camir","article_modified_time":"2022-06-01T13:35:02+00:00","og_image":[{"width":300,"height":300,"url":"https:\/\/www.camir.cl\/site\/wp-content\/uploads\/2022\/05\/Sasuke-doble-lumen.jpg","type":"image\/jpeg"}],"twitter_card":"summary_large_image","twitter_misc":{"Tiempo de lectura":"1 minuto"},"schema":{"@context":"https:\/\/schema.org","@graph":[{"@type":"WebSite","@id":"https:\/\/www.camir.cl\/site\/#website","url":"https:\/\/www.camir.cl\/site\/","name":"Camir","description":"","potentialAction":[{"@type":"SearchAction","target":{"@type":"EntryPoint","urlTemplate":"https:\/\/www.camir.cl\/site\/?s={search_term_string}"},"query-input":"required name=search_term_string"}],"inLanguage":"es"},{"@type":"ImageObject","inLanguage":"es","@id":"https:\/\/www.camir.cl\/site\/producto\/sasuke-doble-lumen\/#primaryimage","url":"https:\/\/www.camir.cl\/site\/wp-content\/uploads\/2022\/05\/Sasuke-doble-lumen.jpg","contentUrl":"https:\/\/www.camir.cl\/site\/wp-content\/uploads\/2022\/05\/Sasuke-doble-lumen.jpg","width":300,"height":300,"caption":"Sasuke doble lumen"},{"@type":"WebPage","@id":"https:\/\/www.camir.cl\/site\/producto\/sasuke-doble-lumen\/#webpage","url":"https:\/\/www.camir.cl\/site\/producto\/sasuke-doble-lumen\/","name":"Sasuke doble lumen - Camir","isPartOf":{"@id":"https:\/\/www.camir.cl\/site\/#website"},"primaryImageOfPage":{"@id":"https:\/\/www.camir.cl\/site\/producto\/sasuke-doble-lumen\/#primaryimage"},"datePublished":"2022-05-26T01:18:53+00:00","dateModified":"2022-06-01T13:35:02+00:00","breadcrumb":{"@id":"https:\/\/www.camir.cl\/site\/producto\/sasuke-doble-lumen\/#breadcrumb"},"inLanguage":"es","potentialAction":[{"@type":"ReadAction","target":["https:\/\/www.camir.cl\/site\/producto\/sasuke-doble-lumen\/"]}]},{"@type":"BreadcrumbList","@id":"https:\/\/www.camir.cl\/site\/producto\/sasuke-doble-lumen\/#breadcrumb","itemListElement":[{"@type":"ListItem","position":1,"name":"Portada","item":"https:\/\/www.camir.cl\/site\/"},{"@type":"ListItem","position":2,"name":"Cat\u00e1logo de Productos","item":"https:\/\/www.camir.cl\/site\/shop\/"},{"@type":"ListItem","position":3,"name":"Sasuke doble lumen"}]}]}},"_links":{"self":[{"href":"https:\/\/www.camir.cl\/site\/wp-json\/wp\/v2\/product\/1269"}],"collection":[{"href":"https:\/\/www.camir.cl\/site\/wp-json\/wp\/v2\/product"}],"about":[{"href":"https:\/\/www.camir.cl\/site\/wp-json\/wp\/v2\/types\/product"}],"replies":[{"embeddable":true,"href":"https:\/\/www.camir.cl\/site\/wp-json\/wp\/v2\/comments?post=1269"}],"version-history":[{"count":0,"href":"https:\/\/www.camir.cl\/site\/wp-json\/wp\/v2\/product\/1269\/revisions"}],"wp:featuredmedia":[{"embeddable":true,"href":"https:\/\/www.camir.cl\/site\/wp-json\/wp\/v2\/media\/1369"}],"wp:attachment":[{"href":"https:\/\/www.camir.cl\/site\/wp-json\/wp\/v2\/media?parent=1269"}],"wp:term":[{"taxonomy":"brand","embeddable":true,"href":"https:\/\/www.camir.cl\/site\/wp-json\/wp\/v2\/etheme_brands?post=1269"},{"taxonomy":"product_cat","embeddable":true,"href":"https:\/\/www.camir.cl\/site\/wp-json\/wp\/v2\/product_cat?post=1269"},{"taxonomy":"product_tag","embeddable":true,"href":"https:\/\/www.camir.cl\/site\/wp-json\/wp\/v2\/product_tag?post=1269"}],"curies":[{"name":"wp","href":"https:\/\/api.w.org\/{rel}","templated":true}]}}